{"id":55,"date":"2022-04-13T08:25:27","date_gmt":"2022-04-13T08:25:27","guid":{"rendered":"https:\/\/clinicalesborges.com\/?page_id=55"},"modified":"2022-04-13T08:25:28","modified_gmt":"2022-04-13T08:25:28","slug":"perruqueria-canina-y-felina","status":"publish","type":"page","link":"https:\/\/clinicalesborges.com\/index.php\/perruqueria-canina-y-felina\/","title":{"rendered":"Perruqueria canina y felina"},"content":{"rendered":"\n<h3 class=\"wp-block-heading\">Ba\u00f1os normales, antiparasitarios y dermatol\u00f3gicos<br>Cortes de pelo normales y de raza<br>Cortes de u\u00f1as en perros y gatos<br>Tratamientos capilares<br>Stripping<\/h3>\n\n\n\n<p>Noelia nula<\/p>\n","protected":false},"excerpt":{"rendered":"<p>Ba\u00f1os normales, antiparasitarios y dermatol\u00f3gicosCortes de pelo normales y de razaCortes de u\u00f1as en perros y gatosTratamientos capilaresStripping Noelia nula<\/p>\n","protected":false},"author":1,"featured_media":0,"parent":0,"menu_order":0,"comment_status":"closed","ping_status":"closed","template":"","meta":{"footnotes":""},"class_list":["post-55","page","type-page","status-publish","czr-hentry"],"_links":{"self":[{"href":"https:\/\/clinicalesborges.com\/index.php\/wp-json\/wp\/v2\/pages\/55","targetHints":{"allow":["GET"]}}],"collection":[{"href":"https:\/\/clinicalesborges.com\/index.php\/wp-json\/wp\/v2\/pages"}],"about":[{"href":"https:\/\/clinicalesborges.com\/index.php\/wp-json\/wp\/v2\/types\/page"}],"author":[{"embeddable":true,"href":"https:\/\/clinicalesborges.com\/index.php\/wp-json\/wp\/v2\/users\/1"}],"replies":[{"embeddable":true,"href":"https:\/\/clinicalesborges.com\/index.php\/wp-json\/wp\/v2\/comments?post=55"}],"version-history":[{"count":1,"href":"https:\/\/clinicalesborges.com\/index.php\/wp-json\/wp\/v2\/pages\/55\/revisions"}],"predecessor-version":[{"id":65,"href":"https:\/\/clinicalesborges.com\/index.php\/wp-json\/wp\/v2\/pages\/55\/revisions\/65"}],"wp:attachment":[{"href":"https:\/\/clinicalesborges.com\/index.php\/wp-json\/wp\/v2\/media?parent=55"}],"curies":[{"name":"wp","href":"https:\/\/api.w.org\/{rel}","templated":true}]}}